{"id":24,"date":"2020-11-27T18:50:27","date_gmt":"2020-11-27T18:50:27","guid":{"rendered":"https:\/\/neurolab.uniri.hr\/?page_id=24"},"modified":"2024-06-14T08:29:03","modified_gmt":"2024-06-14T08:29:03","slug":"4th-forum-of-neurodegenerative-diseases-rijeka","status":"publish","type":"page","link":"https:\/\/neurolab.uniri.hr\/?page_id=24","title":{"rendered":"8th Rijeka Forum of Neurodegenerative Diseases"},"content":{"rendered":"\n<p class=\"has-black-color has-text-color\">Dear&nbsp;friends and colleagues,<br><br>It is our special honor and sincere pleasure to invite you and your colleagues again on behalf of the Organizing Committee to the <strong>Eight Rijeka Forum of Neurodegenerative Diseases<\/strong> <strong>(September 16-17, 2024)<\/strong> organized by the <strong>Clinic of Neurology UHC Rijeka, Department of Neurology, Faculty of Medicine, University of Rijeka and the Department of Biomedical Sciences in Rijeka of the Croatian Academy of Sciences and Arts<\/strong>. Our goal is to present the latest developments and dilemmas in the field of neurodegenerative diseases with a special focus this year on the <strong>regulation of gene expression in neurological<br>disease and neuroimmunology<\/strong>; and other news in neurodegenerative diseases, to improve our daily practical and scientific work. We hope you will enjoy the news in this important area of neurology and neuroscience.<br>We sincerely hope that you will join us and recommend this meeting to your colleagues.<\/p>\n\n\n\n<p class=\"has-black-color has-text-color\"><br>Vladimira Vuleti\u0107<\/p>\n\n\n\n<p class=\"has-black-color has-text-color\"><br>Save the Date and join us in beautiful Rijeka.<\/p>\n\n\n\n<p class=\"has-black-color has-text-color\">Extraordinary lecturers with lectures on the latest achievements in neuroscience and<br>neurodegenerative diseases are in the program and the <strong>registration for the forum is FREE<\/strong>. <\/p>\n\n\n\n<p class=\"has-text-align-center\"><strong><a href=\"https:\/\/forms.gle\/rbUPsn4Tkq5DTkHG6\">REGISTRATION<\/a><\/strong><\/p>\n\n\n\n<p class=\"has-text-align-center\"><strong><a href=\"https:\/\/neurolab.uniri.hr\/wp-content\/uploads\/2024\/06\/V2_13_06_FORUM_NEURO_09_2024.pdf\">FULL PROGRAM<\/a><\/strong><\/p>\n\n\n\n<div class=\"wp-block-image\"><figure class=\"aligncenter size-large is-resized\"><img loading=\"lazy\" src=\"https:\/\/neurolab.uniri.hr\/wp-content\/uploads\/2024\/06\/Forum.png\" alt=\"\" class=\"wp-image-450\" width=\"528\" height=\"260\" srcset=\"https:\/\/neurolab.uniri.hr\/wp-content\/uploads\/2024\/06\/Forum.png 528w, https:\/\/neurolab.uniri.hr\/wp-content\/uploads\/2024\/06\/Forum-300x148.png 300w\" sizes=\"(max-width: 528px) 100vw, 528px\" \/><\/figure><\/div>\n\n\n\n<h4 class=\"has-text-align-center\"><strong>PROGRAM<\/strong><br><strong>OPENING<\/strong><\/h4>\n\n\n\n<p class=\"has-text-align-left has-black-color has-text-color\"><strong>&nbsp;(8:30-9:00)<\/strong><\/p>\n\n\n\n<p class=\"has-text-align-left has-black-color has-text-color\"><strong>Introduction<\/strong><\/p>\n\n\n\n<p class=\"has-text-align-left has-black-color has-text-color\"><strong>Stipan Jonji\u0107,&nbsp;<\/strong>M.D., PhD, Professor, Academician, Head of the Department of Biomedical Sciences in Rijeka, Croatian Academy of Sciences and Arts, Rijeka, Croatia<\/p>\n\n\n\n<p class=\"has-text-align-left has-black-color has-text-color\"><strong>Vladimira Vuleti\u0107,<\/strong>&nbsp;M.D., PhD, Professor, Faculty of Medicine, University of Rijeka, Rijeka, Croatia<\/p>\n\n\n\n<p class=\"has-text-align-left has-black-color has-text-color\"><strong>Welcome address<\/strong><\/p>\n\n\n\n<p class=\"has-text-align-left has-black-color has-text-color\"><strong>Zdravka Poljakovi\u0107,&nbsp;<\/strong>M.D., PhD, Professor, President of the Croatian Neurological Society, Medical Faculty, University of Zagreb, Zagreb, Croatia<br><strong><br>Alen Ru\u017ei\u0107,&nbsp;<\/strong>M.D., PhD, Professor, Director, Clinical Hospital Center, Rijeka, Croatia<br><\/p>\n\n\n\n<p class=\"has-text-align-left has-black-color has-text-color\"><strong>Goran Hauser<\/strong>, M.D., PhD, Associate Professor, Dean, Faculty of Medicine, University of Rijeka, Rijeka, Croatia<strong>Snje\u017eana Priji\u0107 Samar\u017eija<\/strong>, PhD, Professor, Rector, University of Rijeka, Rijeka, Croatia<\/p>\n\n\n\n<p class=\"has-text-align-left has-black-color has-text-color\"><strong>1<sup>st<\/sup>&nbsp;day \u2013 September 16<sup>th<\/sup>, 2024<\/strong><\/p>\n\n\n\n<figure class=\"wp-block-table\"><table><tbody><tr><td><strong>9:00 \u2013 12:00 h<\/strong><\/td><\/tr><\/tbody><\/table><\/figure>\n\n\n\n<h4 class=\"has-text-align-center\"><strong>I. ALZHEIMER\u2019S DISEASE UPDATES<\/strong><strong><br><br>Chairmen: Nenad Bogdanovi\u0107 and Elka Stefanova<\/strong><\/h4>\n\n\n\n<p class=\"has-text-align-left has-black-color has-text-color\"><strong>John Hardy,&nbsp;<\/strong>M.D., PhD, Professor, Institute of Neurology, University College London, London, UK<br><strong>Neurodegeneration as a symptom of exhaustion of degradative systems<\/strong><\/p>\n\n\n\n<p class=\"has-text-align-left has-black-color has-text-color\"><strong>Nenad Bogdanovi\u0107, M.D., PhD, Professor, Karolinska Institute, Stockholm, Sweden<br>Perspective: antibody treatment of neurodegenerative disorders<\/strong><\/p>\n\n\n\n<p class=\"has-text-align-left has-black-color has-text-color\"><strong>Catherine Mummery,&nbsp;<\/strong>M.D., PhD, Professor,&nbsp;National Hospital for Neurology and Neurosurgery, London, UK<br><strong>Emerging therapies in Alzheimer&#8217;s disease: translating genetics into clinical impact<br><\/strong><\/p>\n\n\n\n<p class=\"has-text-align-left has-black-color has-text-color\"><strong>Silva Katu\u0161i\u0107 He\u0107imovi\u0107,&nbsp;<\/strong>PhD, Professor, Ass. Professor, Institut Ru\u0111er Bo\u0161kovi\u0107, Zagreb, Croatia<strong><br><\/strong><strong>Which comes first: neuroinflammation or neurodegeneration \u2013 the case of juvenile Alzheimer\u2019s disease<\/strong><\/p>\n\n\n\n<p class=\"has-text-align-left has-black-color has-text-color\"><strong>Amos D. Korczyn,&nbsp;<\/strong>M.D., PhD, Professor Emeritus,<strong>&nbsp;<\/strong>CONy President, Tel Aviv University, Tel Aviv, Israel<br><strong>The riddle of Alzheimer\u2019s disease<\/strong><br><\/p>\n\n\n\n<p class=\"has-text-align-left has-black-color has-text-color\"><strong>Elka Stefanova,&nbsp;<\/strong>M.D., PhD, Professor, School of Medicine, University of Belgrade, Belgrade, Serbia<strong><br>The Role of Fluid Biomarkers in AD Diagnosis &#8211; report from the Memory clinic<br><\/strong><\/p>\n\n\n\n<p class=\"has-text-align-left has-black-color has-text-color\"><strong>Discussion: 12:00 \u2013 12:15<\/strong><\/p>\n\n\n\n<p class=\"has-text-align-left has-black-color has-text-color\"><strong>Break for refreshment: 12:15 \u2013 12:30<\/strong><\/p>\n\n\n\n<figure class=\"wp-block-table\"><table><tbody><tr><td><strong>12:30 \u2013 14:30 h&nbsp;<\/strong><\/td><\/tr><\/tbody><\/table><\/figure>\n\n\n\n<h4 class=\"has-text-align-center\"><strong>II.&nbsp;ALPE ADRIA SECTION AND MOVEMENT DISORDERS (1<sup>st<\/sup>&nbsp;PART)<br><br>Chairmen: Vladimira Vuleti\u0107 and Maja Tro\u0161t&nbsp;<\/strong><\/h4>\n\n\n\n<p class=\"has-text-align-left has-black-color has-text-color\"><strong>Elena Moro<\/strong>, M.D., PhD, Centre Grenoble University Hospital Center, and Grenoble Alpes University, Grenoble, France<br><strong>A peek into what DBS will be able to do in the next 5 years<\/strong><\/p>\n\n\n\n<p class=\"has-text-align-left has-black-color has-text-color\"><strong>Kailash Bhatia,&nbsp;<\/strong>M.D.,<strong>&nbsp;<\/strong>PhD, Professor, Institute of Neurology, University College London, London, UK<strong>&nbsp;<\/strong><strong>A new gene for Parkinson&#8217;s and new predictive biomarker<\/strong><strong><\/strong><\/p>\n\n\n\n<p class=\"has-text-align-left has-black-color has-text-color\"><strong>Angelo Antonini,<\/strong>&nbsp;M.D.,PhD, Professor, Neurology Clinic Padua and University of Padua, Padua, Italy<br><strong>Disease modifying strategies<\/strong><\/p>\n\n\n\n<p class=\"has-text-align-left has-black-color has-text-color\"><strong>Michele Tinazzi,&nbsp;<\/strong>M.&nbsp;M.D.,PhD, Professor, University of Verona, Verona, Italy<br><strong>Axial Postural abnormalities in PD<\/strong><\/p>\n\n\n\n<p class=\"has-text-align-left has-black-color has-text-color\"><strong>Discussion: 14:30 \u2013 14:45<\/strong><\/p>\n\n\n\n<p class=\"has-text-align-left has-black-color has-text-color\"><strong>Lunch break: 14:45\u2013 15:45<\/strong><\/p>\n\n\n\n<p class=\"has-text-align-left has-black-color has-text-color\"><strong>Flesh presentation of young researchers:14.45-15.45<\/strong><\/p>\n\n\n\n<figure class=\"wp-block-table\"><table><tbody><tr><td><strong>15:45 \u2013 17:45 h&nbsp;&nbsp;<\/strong><\/td><\/tr><\/tbody><\/table><\/figure>\n\n\n\n<h4 class=\"has-text-align-center\"><strong>III.<\/strong><strong>&nbsp;<\/strong><strong>ALPE ADRIA SECTION AND MOVEMENT DISORDERS (2<sup>nd<\/sup>&nbsp;PART) TREATMENTS<\/strong><strong>&nbsp;&nbsp;<br><br>Chairmen: Vladimira Vuleti\u0107 and Maja Tro\u0161t<br><\/strong><\/h4>\n\n\n\n<p class=\"has-text-align-left has-black-color has-text-color\"><strong>Aleksandra Tomi\u0107,&nbsp;<\/strong>M.D., PhD, School of Medicine, University of Belgrade, Belgrade, Serbia<br><strong>Genetic landscape of complex dystonia syndromes<br><\/strong><\/p>\n\n\n\n<p class=\"has-text-align-left has-black-color has-text-color\"><strong>Norbert Kovacs,&nbsp;<\/strong>M.D., PhD, Professor, Department of Neurology, University of Pecs, Pecs, Hungary<br><strong>Functional symptoms in&nbsp;<\/strong><strong>Parkinson\u2019s disease&nbsp;<\/strong><strong>patients treated with device-aided therapies<\/strong><\/p>\n\n\n\n<p class=\"has-text-align-left has-black-color has-text-color\"><strong>Maja Tro\u0161t,<\/strong>&nbsp;M.D., PhD, Professor, University Medical Centre Ljubljana, Ljubljana, Slovenia<strong><br>Switching and combining DAT in advanced PD and safety of advanced treatments<\/strong><\/p>\n\n\n\n<p class=\"has-text-align-left has-black-color has-text-color\"><strong>Iva Stankovi\u0107,&nbsp;<\/strong>M.D., PhD, Assistant Professor, School of Medicine, University of Belgrade, Belgrade, Serbia<br><strong>An update on multiple system atrophy<\/strong><\/p>\n\n\n\n<p class=\"has-text-align-left has-black-color has-text-color\"><strong>Milica Je\u010dmenica-Luki\u0107,&nbsp;<\/strong>M.D., PhD, Assistant Professor, School of Medicine, University of Belgrade, Belgrade, Serbia<br><strong>Atypical atypical parkinsonism: the catalogue of genetic and immune-mediated mimics<\/strong><\/p>\n\n\n\n<p class=\"has-text-align-left has-black-color has-text-color\"><strong>Discussion: 17:45 \u2013 18:00<\/strong><\/p>\n\n\n\n<p class=\"has-text-align-left has-black-color has-text-color\"><strong>2<sup>nd<\/sup>&nbsp;day \u2013 September 17<sup>th<\/sup>, 2024<\/strong><\/p>\n\n\n\n<figure class=\"wp-block-table\"><table><tbody><tr><td><strong>9:00 \u2013 11:00 h<\/strong><\/td><\/tr><\/tbody><\/table><\/figure>\n\n\n\n<h4 class=\"has-text-align-center\"><strong>IV. MULTIPLE SCLEROSIS AND NEUROIMMUNOLOGY<br>Chairmen: Borut Peterlin and David Bonifa\u010di\u0107<\/strong><\/h4>\n\n\n\n<p class=\"has-text-align-left has-black-color has-text-color\"><strong>Celia Oreja-Guevara,&nbsp;<\/strong>MD, PhD, University Hospital San Carlos and Complutense University of Madrid, Madrid, Spain<br><strong>Are imaging (MRI) and biomarkers useful tools for disease monitoring in NMOSD?<\/strong><\/p>\n\n\n\n<p class=\"has-text-align-left has-black-color has-text-color\"><strong>Borut Peterlin,&nbsp;<\/strong>M.D., PhD, Professor, University Medical Center Ljubljana, Ljubljana, Slovenia<strong><br>Genetics in Multiple sclerosis<\/strong><\/p>\n\n\n\n<p class=\"has-text-align-left has-black-color has-text-color\"><strong>Gregor Brecl Jakob<\/strong>, M.D., PhD, Assistant Professor, University Medical Center Ljubljana, Ljubljana, Slovenia<strong><br>Clinical, MRI and laboratory correlates of degeneration\/progression in MS<\/strong><\/p>\n\n\n\n<p class=\"has-text-align-left has-black-color has-text-color\"><strong>David Bonifa\u010di\u0107,<\/strong>&nbsp;M.D., PhD, Assistant Professor, Clinical Hospital Center Rijeka, Rijeka, Croatia<br><strong>Epstein\u2013Barr virus and multiple sclerosis: moving from questions of association to questions of mechanism<br><\/strong><\/p>\n\n\n\n<p class=\"has-text-align-left has-black-color has-text-color\"><strong>Discussion: 11:00 \u2013 11:15<\/strong><\/p>\n\n\n\n<p class=\"has-text-align-left has-black-color has-text-color\"><strong>Break for refreshment: 11:15 \u2013 11:30<br><\/strong><\/p>\n\n\n\n<figure class=\"wp-block-table\"><table><tbody><tr><td><strong>11:30 \u2013 14:10 h<\/strong><\/td><\/tr><\/tbody><\/table><\/figure>\n\n\n\n<h4 class=\"has-text-align-center\"><strong>V. NEURODEGENERATIVE DISORDERS UPDATES<\/strong><br><strong>Chairmen: Patrick K\u00fcry and Zvezdan Pirto\u0161ek<\/strong><\/h4>\n\n\n\n<p class=\"has-text-align-left has-black-color has-text-color\"><strong>Vida Demarin,<\/strong>&nbsp;M.D., PhD, Professor, Academician, Secretary of the Department of Medical Sciences of the Croatian Academy of Sciences and Arts, President of International Institute for Brain Health, Zagreb, Croatia<br><strong>The role of stress in neurodegenerative Diseases<\/strong><strong><\/strong><\/p>\n\n\n\n<p class=\"has-text-align-left has-black-color has-text-color\"><strong>Patrick K\u00fcry,&nbsp;<\/strong>M.D., PhD, Professor, Medical Faculty, Heinrich-Hein University of D\u00fcsseldorf, D\u00fcsseldorf, Germany<strong><br>Functional assessment of endogenous retrovirus mediated neurodegeneration via transcriptome analysis<\/strong><\/p>\n\n\n\n<p class=\"has-text-align-left has-black-color has-text-color\"><strong>Dinko Mitre\u010di\u0107,&nbsp;<\/strong>M.D., PhD, Professor, Croatian Institute for Brain Research, Zagreb, Croatia<br><strong>How do stem cells change expression of genes involved in cell death and autophagy in the neural tissue affected by hypoxia?<\/strong><\/p>\n\n\n\n<p class=\"has-text-align-left has-black-color has-text-color\"><strong>Zvezdan Pirto\u0161ek,&nbsp;<\/strong>M.D., PhD, Professor, University Medical Center Ljubljana, Ljubljana, Slovenia<br><strong>Can lamarckism explain cognitive evolution in humans?<\/strong><\/p>\n\n\n\n<p class=\"has-text-align-left has-black-color has-text-color\"><strong>Ivana Muniti\u0107<\/strong>, M.D., PhD, Professor, Faculty of Biotechnology and Drug research, University of Rijeka, Croatia<br><strong>Analysis of optineurin variants in neurodegenerative diseases<\/strong><\/p>\n\n\n\n<p class=\"has-text-align-left has-black-color has-text-color\"><strong><br>Gabriela Novotni,&nbsp;<\/strong>M.D., PhD, Professor, University Clinic of Neurology, Medical Faculty, University &#8220;Ss Cyril and Methodius&#8221;, Skopje, North Macedonia<br><strong>What is in a name and what is in the brain &#8211; a few short dementia stories on genotype\/phenotype correlation and protein aggregation<\/strong><\/p>\n\n\n\n<p class=\"has-text-align-left has-black-color has-text-color\"><strong>Jason Cannon,&nbsp;<\/strong>PhD, Professor, Purdue University, West Lafayette, SAD<strong><br>Parkinson\u2019s disease risk and mechanisms from military relevant organophosphate exposures<\/strong><\/p>\n\n\n\n<p class=\"has-text-align-left has-black-color has-text-color\"><strong>Fran Borove\u010dk<\/strong>i, M.D., PhD, Professor, University Hospital Centre Zagreb, Zagreb, Croatia<br><strong>Immunogenetics of Parkinson&#8217;s disease-a single cell sequencing approach<\/strong><\/p>\n\n\n\n<p class=\"has-text-align-left has-black-color has-text-color\"><strong>Discussion: 14:10 \u2013 14:25<br><\/strong><\/p>\n\n\n\n<p class=\"has-text-align-left has-black-color has-text-color\"><strong>Lunch: 14:25 \u2013 15:25<\/strong><\/p>\n\n\n\n<p class=\"has-text-align-left has-black-color has-text-color\"><strong>Flesh presentation and posters of young researchers: 14.25-15.25<\/strong><\/p>\n\n\n\n<figure class=\"wp-block-table\"><table><tbody><tr><td><strong>15:25 \u2013 17:15 h<\/strong><\/td><\/tr><\/tbody><\/table><\/figure>\n\n\n\n<h4 class=\"has-text-align-center\"><strong>VI. PARKINSON\u2019S DISEASE UPDATES ON GENETICS AND NEUROIMMUNOLOGY<br>Chairmen: Slavica Kova\u010di\u0107 and Vladimira Vuleti\u0107<\/strong><\/h4>\n\n\n\n<p class=\"has-text-align-left has-black-color has-text-color\"><strong>Slavica Kova\u010di\u0107,<\/strong>&nbsp;M.D., PhD, Assistant Professor, Clinical Hospital Center Rijeka, Rijeka, Croatia<br><strong>Longitudinal changes in free-water of the substantia nigra in PD<\/strong><\/p>\n\n\n\n<p class=\"has-text-align-left has-black-color has-text-color\"><strong>Dejan Georgiev<\/strong><strong>,&nbsp;<\/strong>M.D., PhD, Professor, University Medical Centre Ljubljana, Ljubljana, Slovenia<strong><br>Genetic testing before deep brain stimulation for movement disorders: is it really needed?<\/strong><\/p>\n\n\n\n<p class=\"has-text-align-left has-black-color has-text-color\"><strong>Nata\u0161a Klepac,<\/strong>&nbsp;M.D., PhD, Professor, University Hospital Centre Zagreb, Zagreb, Croatia<br><strong>How can non-pharmacological interventions support a person with cognitive impairment?<\/strong><\/p>\n\n\n\n<p class=\"has-text-align-left has-black-color has-text-color\"><strong><br>Darko Chudy,&nbsp;<\/strong>MD, PhD, Professor, University Hospital Dubrava, Zagreb, Croatia<br><strong>Parkinson&#8217;s disease updates<br><br><\/strong><strong>Vladimira Vuleti\u0107,<\/strong>&nbsp;M.D., PhD, Professor, Clinical Hospital Center Rijeka and Faculty of Medicine, University of Rijeka, Rijeka, Croatia<br><strong>Microbiota and neurodegenerative diseases<br><\/strong><\/p>\n\n\n\n<figure class=\"wp-block-table\"><table><tbody><tr><td><strong>17:15 h<\/strong><\/td><\/tr><\/tbody><\/table><\/figure>\n\n\n\n<h4 class=\"has-text-align-center\"><strong>VII. CLOSING REMARKS<br>Chairman: Vladimira Vuleti\u0107<br><\/strong><\/h4>\n\n\n\n<div class=\"wp-block-image\"><figure class=\"aligncenter\"><img loading=\"lazy\" width=\"1024\" height=\"308\" src=\"https:\/\/neurolab.uniri.hr\/wp-content\/uploads\/2024\/06\/Logo-forum-8.-1024x308.png\" alt=\"\" class=\"wp-image-453\" srcset=\"https:\/\/neurolab.uniri.hr\/wp-content\/uploads\/2024\/06\/Logo-forum-8.-1024x308.png 1024w, https:\/\/neurolab.uniri.hr\/wp-content\/uploads\/2024\/06\/Logo-forum-8.-300x90.png 300w, https:\/\/neurolab.uniri.hr\/wp-content\/uploads\/2024\/06\/Logo-forum-8.-768x231.png 768w, https:\/\/neurolab.uniri.hr\/wp-content\/uploads\/2024\/06\/Logo-forum-8.-1536x462.png 1536w, https:\/\/neurolab.uniri.hr\/wp-content\/uploads\/2024\/06\/Logo-forum-8.-2048x616.png 2048w, https:\/\/neurolab.uniri.hr\/wp-content\/uploads\/2024\/06\/Logo-forum-8.-1920x578.png 1920w\" sizes=\"(max-width: 1024px) 100vw, 1024px\" \/><\/figure><\/div>\n\n\n\n<p><\/p>\n","protected":false},"excerpt":{"rendered":"<p>Dear&nbsp;friends and colleagues, It is our special honor and sincere pleasure to invite you and your colleagues again on behalf of the Organizing Committee to the Eight Rijeka Forum of Neurodegenerative Diseases (September 16-17, 2024) organized by the Clinic of Neurology UHC Rijeka, Department of Neurology, Faculty of Medicine, University of Rijeka and the Department&hellip; <br \/> <a class=\"read-more\" href=\"https:\/\/neurolab.uniri.hr\/?page_id=24\">Read more<\/a><\/p>\n","protected":false},"author":2,"featured_media":0,"parent":0,"menu_order":0,"comment_status":"closed","ping_status":"closed","template":"","meta":[],"_links":{"self":[{"href":"https:\/\/neurolab.uniri.hr\/index.php?rest_route=\/wp\/v2\/pages\/24"}],"collection":[{"href":"https:\/\/neurolab.uniri.hr\/index.php?rest_route=\/wp\/v2\/pages"}],"about":[{"href":"https:\/\/neurolab.uniri.hr\/index.php?rest_route=\/wp\/v2\/types\/page"}],"author":[{"embeddable":true,"href":"https:\/\/neurolab.uniri.hr\/index.php?rest_route=\/wp\/v2\/users\/2"}],"replies":[{"embeddable":true,"href":"https:\/\/neurolab.uniri.hr\/index.php?rest_route=%2Fwp%2Fv2%2Fcomments&post=24"}],"version-history":[{"count":46,"href":"https:\/\/neurolab.uniri.hr\/index.php?rest_route=\/wp\/v2\/pages\/24\/revisions"}],"predecessor-version":[{"id":463,"href":"https:\/\/neurolab.uniri.hr\/index.php?rest_route=\/wp\/v2\/pages\/24\/revisions\/463"}],"wp:attachment":[{"href":"https:\/\/neurolab.uniri.hr\/index.php?rest_route=%2Fwp%2Fv2%2Fmedia&parent=24"}],"curies":[{"name":"wp","href":"https:\/\/api.w.org\/{rel}","templated":true}]}}